{"id":2,"date":"2025-09-05T10:30:40","date_gmt":"2025-09-05T08:30:40","guid":{"rendered":"https:\/\/francais2.com\/?page_id=2"},"modified":"2026-03-17T13:45:22","modified_gmt":"2026-03-17T12:45:22","slug":"alphabet","status":"publish","type":"page","link":"https:\/\/francais2.com\/?page_id=2","title":{"rendered":"L\u2019alphabet fran\u00e7ais est compos\u00e9 de 26 lettres, de A \u00e0 Z,"},"content":{"rendered":"\n<center><iframe width=\"560\" height=\"315\"  title=\"YouTube video player\" frameborder=\"0\" allow=\"accelerometer; autoplay; clipboard-write; encrypted-media; gyroscope; picture-in-picture; web-share\" referrerpolicy=\"strict-origin-when-cross-origin\" allowfullscreen class=\"lws-optimize-lazyload\" data-src=\"https:\/\/www.youtube.com\/embed\/mydYJMq3PV0?si=liHvO7s-Xn52pp1G\"><\/iframe> <\/center>\n\n\n\n<blockquote class=\"wp-block-quote is-layout-flow wp-block-quote-is-layout-flow\">\n<p class=\"has-large-font-size\">issues de l\u2019alphabet latin. Ces lettres servent \u00e0 repr\u00e9senter les sons de la langue fran\u00e7aise \u00e0 l\u2019\u00e9crit. Cependant, le fran\u00e7ais se caract\u00e9rise par une relation complexe entre l\u2019\u00e9criture et la prononciation. Une m\u00eame lettre peut produire plusieurs sons selon le mot, et inversement, un m\u00eame son peut \u00eatre \u00e9crit de diff\u00e9rentes mani\u00e8res.<\/p>\n\n\n\n<p class=\"has-large-font-size\">La langue fran\u00e7aise compte environ 36 sons distincts, appel\u00e9s phon\u00e8mes. On distingue principalement les voyelles et les consonnes. Les voyelles sont essentielles \u00e0 la prononciation et peuvent \u00eatre orales ou nasales. Les voyelles orales, comme a, e, i, o, u, se prononcent sans passage de l\u2019air par le nez, tandis que les voyelles nasales, comme an, on, in, un, impliquent une r\u00e9sonance nasale. Ces sons donnent au fran\u00e7ais une musicalit\u00e9 particuli\u00e8re.<\/p>\n\n\n\n<p class=\"has-large-font-size\">Les consonnes, quant \u00e0 elles, peuvent \u00eatre sonores ou sourdes, selon que les cordes vocales vibrent ou non. Par exemple, b est sonore, tandis que p est sourde. Certaines consonnes changent de son selon leur position dans le mot ou les lettres qui les entourent. De plus, certaines lettres ne se prononcent pas, comme le s final dans \u00ab paris \u00bb ou le t dans \u00ab chat \u00bb, ce qui complique l\u2019apprentissage de la langue.<\/p>\n<\/blockquote>\n\n\n\n<p><\/p>\n\n\n\n\n<script async src=\"https:\/\/pagead2.googlesyndication.com\/pagead\/js\/adsbygoogle.js?client=ca-pub-6355183749387309\"\n     crossorigin=\"anonymous\"><\/script>\n<ins class=\"adsbygoogle\"\n     style=\"display:block; text-align:center;\"\n     data-ad-layout=\"in-article\"\n     data-ad-format=\"fluid\"\n     data-ad-client=\"ca-pub-6355183749387309\"\n     data-ad-slot=\"8560984745\"><\/ins>\n<script>\n     (adsbygoogle = window.adsbygoogle || []).push({});\n<\/script>\n\n\n\n\n<script async src=\"https:\/\/pagead2.googlesyndication.com\/pagead\/js\/adsbygoogle.js?client=ca-pub-6355183749387309\"\n     crossorigin=\"anonymous\"><\/script>\n<ins class=\"adsbygoogle\"\n     style=\"display:block\"\n     data-ad-format=\"fluid\"\n     data-ad-layout-key=\"-eb+6k-30-ac+ty\"\n     data-ad-client=\"ca-pub-6355183749387309\"\n     data-ad-slot=\"9085225786\"><\/ins>\n<script>\n     (adsbygoogle = window.adsbygoogle || []).push({});\n<\/script>\n","protected":false},"excerpt":{"rendered":"<p>issues de l\u2019alphabet latin. Ces lettres servent \u00e0 repr\u00e9senter les sons de la langue fran\u00e7aise \u00e0 l\u2019\u00e9crit. Cependant, le fran\u00e7ais se caract\u00e9rise par une relation complexe entre l\u2019\u00e9criture et la prononciation. Une m\u00eame lettre peut produire plusieurs sons selon le mot, et inversement, un m\u00eame son peut \u00eatre \u00e9crit de diff\u00e9rentes mani\u00e8res. La langue fran\u00e7aise<\/p>\n","protected":false},"author":1,"featured_media":0,"parent":0,"menu_order":0,"comment_status":"closed","ping_status":"open","template":"","meta":{"googlesitekit_rrm_CAows9bFDA:productID":"","footnotes":""},"class_list":["post-2","page","type-page","status-publish","hentry"],"aioseo_notices":[],"_links":{"self":[{"href":"https:\/\/francais2.com\/index.php?rest_route=\/wp\/v2\/pages\/2","targetHints":{"allow":["GET"]}}],"collection":[{"href":"https:\/\/francais2.com\/index.php?rest_route=\/wp\/v2\/pages"}],"about":[{"href":"https:\/\/francais2.com\/index.php?rest_route=\/wp\/v2\/types\/page"}],"author":[{"embeddable":true,"href":"https:\/\/francais2.com\/index.php?rest_route=\/wp\/v2\/users\/1"}],"replies":[{"embeddable":true,"href":"https:\/\/francais2.com\/index.php?rest_route=%2Fwp%2Fv2%2Fcomments&post=2"}],"version-history":[{"count":4,"href":"https:\/\/francais2.com\/index.php?rest_route=\/wp\/v2\/pages\/2\/revisions"}],"predecessor-version":[{"id":1086,"href":"https:\/\/francais2.com\/index.php?rest_route=\/wp\/v2\/pages\/2\/revisions\/1086"}],"wp:attachment":[{"href":"https:\/\/francais2.com\/index.php?rest_route=%2Fwp%2Fv2%2Fmedia&parent=2"}],"curies":[{"name":"wp","href":"https:\/\/api.w.org\/{rel}","templated":true}]}}