{"id":71,"date":"2026-01-13T10:54:07","date_gmt":"2026-01-13T09:54:07","guid":{"rendered":"https:\/\/francais2.com\/?page_id=71"},"modified":"2026-03-17T13:50:25","modified_gmt":"2026-03-17T12:50:25","slug":"syntaxes","status":"publish","type":"page","link":"https:\/\/francais2.com\/?page_id=71","title":{"rendered":"La syntaxe de la phrase simple et complexe"},"content":{"rendered":"\n<h3 class=\"wp-block-heading\"><\/h3>\n\n\n\n<center><iframe width=\"560\" height=\"315\"  title=\"YouTube video player\" frameborder=\"0\" allow=\"accelerometer; autoplay; clipboard-write; encrypted-media; gyroscope; picture-in-picture; web-share\" referrerpolicy=\"strict-origin-when-cross-origin\" allowfullscreen class=\"lws-optimize-lazyload\" data-src=\"https:\/\/www.youtube.com\/embed\/YMYACKmUgwU?si=N8QI1Xd6mquPXy0D\"><\/iframe> \n<\/center>\n\n\n\n<p class=\"has-medium-font-size\">La syntaxe est la partie de la grammaire qui \u00e9tudie l\u2019organisation des mots dans la phrase et les relations qu\u2019ils entretiennent entre eux. En fran\u00e7ais, on distingue principalement <strong>la phrase simple<\/strong> et <strong>la phrase complexe<\/strong>, chacune ayant une structure et des fonctions sp\u00e9cifiques.<\/p>\n\n\n\n<p class=\"has-medium-font-size\">La <strong>phrase simple<\/strong> se caract\u00e9rise par la pr\u00e9sence d\u2019un seul verbe conjugu\u00e9. Elle s\u2019organise g\u00e9n\u00e9ralement autour de deux \u00e9l\u00e9ments essentiels : le <strong>groupe sujet<\/strong> et le <strong>groupe verbal<\/strong>. Par exemple : <em>\u00ab L\u2019enfant lit un livre. \u00bb<\/em> Le sujet \u00ab l\u2019enfant \u00bb accomplit l\u2019action exprim\u00e9e par le verbe \u00ab lit \u00bb, tandis que le compl\u00e9ment \u00ab un livre \u00bb pr\u00e9cise cette action. La phrase simple peut \u00eatre enrichie par des compl\u00e9ments circonstanciels (temps, lieu, mani\u00e8re), des adjectifs ou des expansions du nom, sans pour autant devenir complexe. Elle peut \u00eatre d\u00e9clarative, interrogative, exclamative ou imp\u00e9rative, ce qui montre la richesse de ses formes malgr\u00e9 sa structure syntaxique unique.<\/p>\n\n\n\n<p class=\"has-medium-font-size\">La <strong>phrase complexe<\/strong>, quant \u00e0 elle, contient <strong>au moins deux verbes conjugu\u00e9s<\/strong>. Elle r\u00e9sulte de la combinaison de plusieurs propositions. Ces propositions peuvent \u00eatre li\u00e9es par <strong>coordination<\/strong> (<em>et, mais, ou, donc<\/em>), par <strong>juxtaposition<\/strong> (s\u00e9par\u00e9es par une virgule ou un point-virgule) ou par <strong>subordination<\/strong>. La subordination introduit une proposition d\u00e9pendante d\u2019une autre, comme dans : <em>\u00ab Je pense qu\u2019il viendra. \u00bb<\/em> Ici, la proposition subordonn\u00e9e compl\u00e8te le sens du verbe \u00ab pense \u00bb. On distingue plusieurs types de subordonn\u00e9es : compl\u00e9tives, relatives et circonstancielles, chacune jouant un r\u00f4le pr\u00e9cis dans la phrase.<\/p>\n\n\n\n<p class=\"has-medium-font-size\">Ainsi, la syntaxe de la phrase simple et complexe permet de structurer la pens\u00e9e et d\u2019exprimer des id\u00e9es plus ou moins \u00e9labor\u00e9es. La ma\u00eetrise de ces structures est essentielle pour am\u00e9liorer la clart\u00e9, la pr\u00e9cision et la richesse de l\u2019expression \u00e9crite et orale en fran\u00e7ais.<\/p>\n\n\n\n\n<script async src=\"https:\/\/pagead2.googlesyndication.com\/pagead\/js\/adsbygoogle.js?client=ca-pub-6355183749387309\"\n     crossorigin=\"anonymous\"><\/script>\n<ins class=\"adsbygoogle\"\n     style=\"display:block; text-align:center;\"\n     data-ad-layout=\"in-article\"\n     data-ad-format=\"fluid\"\n     data-ad-client=\"ca-pub-6355183749387309\"\n     data-ad-slot=\"8560984745\"><\/ins>\n<script>\n     (adsbygoogle = window.adsbygoogle || []).push({});\n<\/script>\n\n\n\n\n\n<script async src=\"https:\/\/pagead2.googlesyndication.com\/pagead\/js\/adsbygoogle.js?client=ca-pub-6355183749387309\"\n     crossorigin=\"anonymous\"><\/script>\n<ins class=\"adsbygoogle\"\n     style=\"display:block\"\n     data-ad-format=\"fluid\"\n     data-ad-layout-key=\"-eb+6k-30-ac+ty\"\n     data-ad-client=\"ca-pub-6355183749387309\"\n     data-ad-slot=\"9085225786\"><\/ins>\n<script>\n     (adsbygoogle = window.adsbygoogle || []).push({});\n<\/script>\n","protected":false},"excerpt":{"rendered":"<p>La syntaxe est la partie de la grammaire qui \u00e9tudie l\u2019organisation des mots dans la phrase et les relations qu\u2019ils entretiennent entre eux. En fran\u00e7ais, on distingue principalement la phrase simple et la phrase complexe, chacune ayant une structure et des fonctions sp\u00e9cifiques. La phrase simple se caract\u00e9rise par la pr\u00e9sence d\u2019un seul verbe conjugu\u00e9.<\/p>\n","protected":false},"author":1,"featured_media":0,"parent":0,"menu_order":0,"comment_status":"closed","ping_status":"open","template":"","meta":{"googlesitekit_rrm_CAows9bFDA:productID":"","footnotes":""},"class_list":["post-71","page","type-page","status-publish","hentry"],"aioseo_notices":[],"_links":{"self":[{"href":"https:\/\/francais2.com\/index.php?rest_route=\/wp\/v2\/pages\/71","targetHints":{"allow":["GET"]}}],"collection":[{"href":"https:\/\/francais2.com\/index.php?rest_route=\/wp\/v2\/pages"}],"about":[{"href":"https:\/\/francais2.com\/index.php?rest_route=\/wp\/v2\/types\/page"}],"author":[{"embeddable":true,"href":"https:\/\/francais2.com\/index.php?rest_route=\/wp\/v2\/users\/1"}],"replies":[{"embeddable":true,"href":"https:\/\/francais2.com\/index.php?rest_route=%2Fwp%2Fv2%2Fcomments&post=71"}],"version-history":[{"count":2,"href":"https:\/\/francais2.com\/index.php?rest_route=\/wp\/v2\/pages\/71\/revisions"}],"predecessor-version":[{"id":1092,"href":"https:\/\/francais2.com\/index.php?rest_route=\/wp\/v2\/pages\/71\/revisions\/1092"}],"wp:attachment":[{"href":"https:\/\/francais2.com\/index.php?rest_route=%2Fwp%2Fv2%2Fmedia&parent=71"}],"curies":[{"name":"wp","href":"https:\/\/api.w.org\/{rel}","templated":true}]}}